    {"id":178,"date":"2025-09-26T22:30:22","date_gmt":"2025-09-26T20:30:22","guid":{"rendered":"https:\/\/renard3dmodelisation.com\/?page_id=178"},"modified":"2025-09-26T22:53:36","modified_gmt":"2025-09-26T20:53:36","slug":"categories","status":"publish","type":"page","link":"https:\/\/renard3dmodelisation.com\/?page_id=178","title":{"rendered":"Cat\u00e9gories"},"content":{"rendered":"\n<p>Veuillez choisir une cat\u00e9gorie<\/p>\n\n\n\n<p><\/p>\n\n\n<div class=\"woocommerce columns-4\"><ul class=\"products columns-4\">\n<li class=\"product-category product first\">\n\t<a aria-label=\"Acc\u00e9der \u00e0 la cat\u00e9gorie de produits art de la table\" href=\"https:\/\/renard3dmodelisation.com\/?product_cat=art-de-la-table\"><img loading=\"lazy\" decoding=\"async\" src=\"https:\/\/renard3dmodelisation.com\/wp-content\/uploads\/2025\/09\/arts-300x300.png\" alt=\"art de la table\" width=\"300\" height=\"300\" srcset=\"https:\/\/renard3dmodelisation.com\/wp-content\/uploads\/2025\/09\/arts-300x300.png 300w, https:\/\/renard3dmodelisation.com\/wp-content\/uploads\/2025\/09\/arts-150x150.png 150w, https:\/\/renard3dmodelisation.com\/wp-content\/uploads\/2025\/09\/arts-100x100.png 100w\" sizes=\"auto, (max-width: 300px) 100vw, 300px\" \/>\t\t<h2 class=\"woocommerce-loop-category__title\">\n\t\t\tart de la table <mark class=\"count\">(3)<\/mark>\t\t<\/h2>\n\t\t<\/a><\/li>\n<li class=\"product-category product\">\n\t<a aria-label=\"Acc\u00e9der \u00e0 la cat\u00e9gorie de produits D\u00e9co &amp; Rangement\" href=\"https:\/\/renard3dmodelisation.com\/?product_cat=deco\"><img loading=\"lazy\" decoding=\"async\" src=\"https:\/\/renard3dmodelisation.com\/wp-content\/uploads\/2025\/10\/arts-et-deco-300x300.png\" alt=\"D\u00e9co &amp; Rangement\" width=\"300\" height=\"300\" srcset=\"https:\/\/renard3dmodelisation.com\/wp-content\/uploads\/2025\/10\/arts-et-deco-300x300.png 300w, https:\/\/renard3dmodelisation.com\/wp-content\/uploads\/2025\/10\/arts-et-deco-150x150.png 150w, https:\/\/renard3dmodelisation.com\/wp-content\/uploads\/2025\/10\/arts-et-deco-100x100.png 100w\" sizes=\"auto, (max-width: 300px) 100vw, 300px\" \/>\t\t<h2 class=\"woocommerce-loop-category__title\">\n\t\t\tD\u00e9co &amp; Rangement <mark class=\"count\">(3)<\/mark>\t\t<\/h2>\n\t\t<\/a><\/li>\n<li class=\"product-category product\">\n\t<a aria-label=\"Acc\u00e9der \u00e0 la cat\u00e9gorie de produits \u00e9clairages\" href=\"https:\/\/renard3dmodelisation.com\/?product_cat=eclairages\"><img loading=\"lazy\" decoding=\"async\" src=\"https:\/\/renard3dmodelisation.com\/wp-content\/uploads\/2025\/10\/eclairage-300x300.png\" alt=\"\u00e9clairages\" width=\"300\" height=\"300\" srcset=\"https:\/\/renard3dmodelisation.com\/wp-content\/uploads\/2025\/10\/eclairage-300x300.png 300w, https:\/\/renard3dmodelisation.com\/wp-content\/uploads\/2025\/10\/eclairage-150x150.png 150w, https:\/\/renard3dmodelisation.com\/wp-content\/uploads\/2025\/10\/eclairage-768x768.png 768w, https:\/\/renard3dmodelisation.com\/wp-content\/uploads\/2025\/10\/eclairage-600x600.png 600w, https:\/\/renard3dmodelisation.com\/wp-content\/uploads\/2025\/10\/eclairage-100x100.png 100w, https:\/\/renard3dmodelisation.com\/wp-content\/uploads\/2025\/10\/eclairage.png 810w\" sizes=\"auto, (max-width: 300px) 100vw, 300px\" \/>\t\t<h2 class=\"woocommerce-loop-category__title\">\n\t\t\t\u00e9clairages <mark class=\"count\">(2)<\/mark>\t\t<\/h2>\n\t\t<\/a><\/li>\n<li class=\"product-category product last\">\n\t<a aria-label=\"Acc\u00e9der \u00e0 la cat\u00e9gorie de produits gadget &amp; jouet\" href=\"https:\/\/renard3dmodelisation.com\/?product_cat=gadget-jouet\"><img loading=\"lazy\" decoding=\"async\" src=\"https:\/\/renard3dmodelisation.com\/wp-content\/uploads\/2025\/10\/gadget-300x300.png\" alt=\"gadget &amp; jouet\" width=\"300\" height=\"300\" srcset=\"https:\/\/renard3dmodelisation.com\/wp-content\/uploads\/2025\/10\/gadget-300x300.png 300w, https:\/\/renard3dmodelisation.com\/wp-content\/uploads\/2025\/10\/gadget-150x150.png 150w, https:\/\/renard3dmodelisation.com\/wp-content\/uploads\/2025\/10\/gadget-100x100.png 100w\" sizes=\"auto, (max-width: 300px) 100vw, 300px\" \/>\t\t<h2 class=\"woocommerce-loop-category__title\">\n\t\t\tgadget &amp; jouet <mark class=\"count\">(3)<\/mark>\t\t<\/h2>\n\t\t<\/a><\/li>\n<li class=\"product-category product first\">\n\t<a aria-label=\"Acc\u00e9der \u00e0 la cat\u00e9gorie de produits Porte encens\" href=\"https:\/\/renard3dmodelisation.com\/?product_cat=porte-encens\"><img loading=\"lazy\" decoding=\"async\" src=\"https:\/\/renard3dmodelisation.com\/wp-content\/uploads\/2025\/09\/encens-300x300.png\" alt=\"Porte encens\" width=\"300\" height=\"300\" srcset=\"https:\/\/renard3dmodelisation.com\/wp-content\/uploads\/2025\/09\/encens-300x300.png 300w, https:\/\/renard3dmodelisation.com\/wp-content\/uploads\/2025\/09\/encens-150x150.png 150w, https:\/\/renard3dmodelisation.com\/wp-content\/uploads\/2025\/09\/encens-768x767.png 768w, https:\/\/renard3dmodelisation.com\/wp-content\/uploads\/2025\/09\/encens-600x599.png 600w, https:\/\/renard3dmodelisation.com\/wp-content\/uploads\/2025\/09\/encens-100x100.png 100w, https:\/\/renard3dmodelisation.com\/wp-content\/uploads\/2025\/09\/encens.png 826w\" sizes=\"auto, (max-width: 300px) 100vw, 300px\" \/>\t\t<h2 class=\"woocommerce-loop-category__title\">\n\t\t\tPorte encens <mark class=\"count\">(4)<\/mark>\t\t<\/h2>\n\t\t<\/a><\/li>\n<\/ul>\n<\/div>\n\n\n\n<p><\/p>\n","protected":false},"excerpt":{"rendered":"<p>Veuillez choisir une cat\u00e9gorie<\/p>\n","protected":false},"author":1,"featured_media":0,"parent":0,"menu_order":0,"comment_status":"closed","ping_status":"closed","template":"","meta":{"_themeisle_gutenberg_block_has_review":false,"footnotes":""},"class_list":["post-178","page","type-page","status-publish","hentry"],"jetpack_sharing_enabled":true,"_links":{"self":[{"href":"https:\/\/renard3dmodelisation.com\/index.php?rest_route=\/wp\/v2\/pages\/178","targetHints":{"allow":["GET"]}}],"collection":[{"href":"https:\/\/renard3dmodelisation.com\/index.php?rest_route=\/wp\/v2\/pages"}],"about":[{"href":"https:\/\/renard3dmodelisation.com\/index.php?rest_route=\/wp\/v2\/types\/page"}],"author":[{"embeddable":true,"href":"https:\/\/renard3dmodelisation.com\/index.php?rest_route=\/wp\/v2\/users\/1"}],"replies":[{"embeddable":true,"href":"https:\/\/renard3dmodelisation.com\/index.php?rest_route=%2Fwp%2Fv2%2Fcomments&post=178"}],"version-history":[{"count":2,"href":"https:\/\/renard3dmodelisation.com\/index.php?rest_route=\/wp\/v2\/pages\/178\/revisions"}],"predecessor-version":[{"id":182,"href":"https:\/\/renard3dmodelisation.com\/index.php?rest_route=\/wp\/v2\/pages\/178\/revisions\/182"}],"wp:attachment":[{"href":"https:\/\/renard3dmodelisation.com\/index.php?rest_route=%2Fwp%2Fv2%2Fmedia&parent=178"}],"curies":[{"name":"wp","href":"https:\/\/api.w.org\/{rel}","templated":true}]}}