    {"id":413,"date":"2026-03-15T00:39:08","date_gmt":"2026-03-14T23:39:08","guid":{"rendered":"https:\/\/renard3dmodelisation.com\/?post_type=product&#038;p=413"},"modified":"2026-03-15T00:40:11","modified_gmt":"2026-03-14T23:40:11","slug":"le-pecheur-zen","status":"publish","type":"product","link":"https:\/\/renard3dmodelisation.com\/?product=le-pecheur-zen","title":{"rendered":"Le p\u00eacheur ZEN"},"content":{"rendered":"<p>Un p\u00eacheur solitaire assis sur sa barque\u2026 mais au lieu d\u2019attraper un poisson, il \u201cp\u00eache\u201d la fum\u00e9e de votre b\u00e2ton d\u2019encens.<\/p>\n<p>Une sc\u00e8ne po\u00e9tique et apaisante qui transforme la fum\u00e9e en un v\u00e9ritable moment de m\u00e9ditation<\/p>\n","protected":false},"excerpt":{"rendered":"<p>ce porte-encens apporte une touche zen et originale \u00e0 votre int\u00e9rieur.<br data-start=\"364\" data-end=\"367\" \/>Parfait pour cr\u00e9er une ambiance calme, relaxante et pleine de s\u00e9r\u00e9nit\u00e9.<\/p>\n","protected":false},"featured_media":415,"comment_status":"open","ping_status":"closed","template":"","meta":{"_themeisle_gutenberg_block_has_review":false},"product_brand":[],"product_cat":[20],"product_tag":[],"class_list":{"0":"post-413","1":"product","2":"type-product","3":"status-publish","4":"has-post-thumbnail","6":"product_cat-porte-encens","8":"first","9":"instock","10":"taxable","11":"shipping-taxable","12":"purchasable","13":"product-type-simple"},"jetpack_sharing_enabled":true,"_links":{"self":[{"href":"https:\/\/renard3dmodelisation.com\/index.php?rest_route=\/wp\/v2\/product\/413","targetHints":{"allow":["GET"]}}],"collection":[{"href":"https:\/\/renard3dmodelisation.com\/index.php?rest_route=\/wp\/v2\/product"}],"about":[{"href":"https:\/\/renard3dmodelisation.com\/index.php?rest_route=\/wp\/v2\/types\/product"}],"replies":[{"embeddable":true,"href":"https:\/\/renard3dmodelisation.com\/index.php?rest_route=%2Fwp%2Fv2%2Fcomments&post=413"}],"wp:featuredmedia":[{"embeddable":true,"href":"https:\/\/renard3dmodelisation.com\/index.php?rest_route=\/wp\/v2\/media\/415"}],"wp:attachment":[{"href":"https:\/\/renard3dmodelisation.com\/index.php?rest_route=%2Fwp%2Fv2%2Fmedia&parent=413"}],"wp:term":[{"taxonomy":"product_brand","embeddable":true,"href":"https:\/\/renard3dmodelisation.com\/index.php?rest_route=%2Fwp%2Fv2%2Fproduct_brand&post=413"},{"taxonomy":"product_cat","embeddable":true,"href":"https:\/\/renard3dmodelisation.com\/index.php?rest_route=%2Fwp%2Fv2%2Fproduct_cat&post=413"},{"taxonomy":"product_tag","embeddable":true,"href":"https:\/\/renard3dmodelisation.com\/index.php?rest_route=%2Fwp%2Fv2%2Fproduct_tag&post=413"}],"curies":[{"name":"wp","href":"https:\/\/api.w.org\/{rel}","templated":true}]}}